{"id":1695,"date":"2018-11-16T15:46:04","date_gmt":"2018-11-16T14:46:04","guid":{"rendered":"http:\/\/www.marinarredo.com\/?page_id=1695"},"modified":"2018-11-16T15:46:04","modified_gmt":"2018-11-16T14:46:04","slug":"cookies","status":"publish","type":"page","link":"http:\/\/www.marinarredo.com\/index.php\/cookies\/","title":{"rendered":"Cookies"},"content":{"rendered":"<p><strong>Cookies<\/strong><\/p>\n<p>Per far funzionare bene questo sito, a volte installiamo sul tuo dispositivo dei piccoli file di dati che si chiamano &#8220;cookies&#8221;. Anche la maggior parte dei grandi siti fanno lo stesso.<\/p>\n<p><strong>Cosa sono i cookies?<\/strong><\/p>\n<p>Un cookie \u00e8 un piccolo file di testo che i siti salvano sul tuo computer o dispositivo mobile mentre li visiti. Grazie ai cookies il sito ricorda le tue azioni e preferenze (per es. login, lingua, dimensioni dei caratteri e altre impostazioni di visualizzazione) in modo che tu non debba reinserirle quando torni sul sito o navighi da una pagina all&#8217;altra.&nbsp;<\/p>\n<p><strong>Come utilizziamo i cookies?<\/strong><\/p>\n<p>In alcune pagine utilizziamo i cookies per ricordare:<\/p>\n<ul>\n<li>le preferenze di visualizzazione, per es. le impostazioni del contrasto o le dimensioni dei caratteri<\/li>\n<li>se hai gi\u00e0 risposto a un sondaggio pop-up sull&#8217;utilit\u00e0 dei contenuti trovati, per evitare di riproportelo<\/li>\n<li>se hai autorizzato l&#8217;uso dei cookies sul sito.<\/li>\n<\/ul>\n<p>Non \u00e8 necessario abilitare i cookies perch\u00e9 il sito funzioni, ma farlo migliora la navigazione. \u00c8 possibile cancellare o bloccare i cookies, per\u00f2 in questo caso alcune funzioni del sito potrebbero non funzionare correttamente.<\/p>\n<p>Le informazioni riguardanti i cookies <strong>non sono utilizzate per identificare gli utenti <\/strong>e i dati di navigazione restano sempre sotto il nostro controllo. Questi cookies servono esclusivamente per i fini qui descritti.&nbsp;<\/p>\n<p><strong>Come controllare i cookies?<\/strong><\/p>\n<p>Puoi <strong>controllare e\/o verificare<\/strong> i cookies&nbsp;come vuoi. Puoi cancellare i cookies gi\u00e0 presenti nel computer e impostare quasi tutti i browser in modo da bloccarne l&#8217;installazione. Se scegli questa opzione, dovrai per\u00f2 modificare manualmente alcune preferenze ogni volta che visiti il sito ed \u00e8 possibile che alcuni servizi o determinate funzioni non siano disponibili.<\/p>\n<div id=\"page\" class=\"hfeed site\">\n<div id=\"main\" class=\"wrapper\">\n<div id=\"primary\" class=\"site-content\">\n<div id=\"content\" role=\"main\">\n<article id=\"post-1686\" class=\"post-1686 page type-page status-publish hentry\">\n<div class=\"entry-content\">\n<div>\n<p><strong>Come disabilitare i cookies (opt-out)<\/strong><\/p>\n<p>\u00c8 possibile negare il consenso all\u2019utilizzo dei cookie selezionando l\u2019impostazione appropriata sul proprio browser: la navigazione non autenticata sul portale sar\u00e0 comunque disponibile in tutte le sue funzionalit\u00e0.&nbsp; Di seguito forniamo i link che spiegano come disabilitare i cookie per i browser pi\u00f9 diffusi:<\/p>\n<p>Internet Explorer:&nbsp;<a href=\"http:\/\/windows.microsoft.com\/it-IT\/windows7\/Block-enable-or-allow-cookies\">http:\/\/windows.microsoft.com\/it-IT\/windows7\/Block-enable-or-allow-cookies<\/a><\/p>\n<p>Google Chrome:&nbsp;<a href=\"https:\/\/support.google.com\/chrome\/answer\/95647?hl=it-IT&amp;p=cpn_cookies\">https:\/\/support.google.com\/chrome\/answer\/95647?hl=it-IT&amp;p=cpn_cookies<\/a><\/p>\n<p>Mozilla Firefox:&nbsp;&nbsp;<a href=\"https:\/\/support.mozilla.org\/it\/products\/firefox\/protect-your-privacy\/cookies\">https:\/\/support.mozilla.org\/it\/products\/firefox\/protect-your-privacy\/cookies<\/a><\/p>\n<p>Apple Safari:&nbsp;&nbsp;<a href=\"http:\/\/www.apple.com\/legal\/privacy\/it\/cookies\/\">http:\/\/www.apple.com\/legal\/privacy\/it\/cookies\/<\/a><\/p>\n<p>In alternativa \u00e8 possibile disabilitare soltanto i cookie di&nbsp; Google Analytics, utilizzando il&nbsp;<a href=\"https:\/\/tools.google.com\/dlpage\/gaoptout?hl=it\">componente aggiuntivo<\/a>&nbsp;di opt-out fornito da Google per i browser principali.<\/p>\n<\/div>\n<\/div>\n<\/article>\n<\/div>\n<\/div>\n<\/div>\n<\/div>\n","protected":false},"excerpt":{"rendered":"<p>Cookies Per far funzionare bene questo sito, a volte installiamo sul tuo dispositivo dei piccoli file di dati che si chiamano &#8220;cookies&#8221;. Anche la maggior parte dei grandi siti fanno lo stesso. Cosa sono i cookies? Un cookie \u00e8 un &hellip; <a href=\"http:\/\/www.marinarredo.com\/index.php\/cookies\/\">Continua<\/a><\/p>\n","protected":false},"author":1,"featured_media":0,"parent":0,"menu_order":0,"comment_status":"closed","ping_status":"closed","template":"","meta":{"footnotes":""},"_links":{"self":[{"href":"http:\/\/www.marinarredo.com\/index.php\/wp-json\/wp\/v2\/pages\/1695"}],"collection":[{"href":"http:\/\/www.marinarredo.com\/index.php\/wp-json\/wp\/v2\/pages"}],"about":[{"href":"http:\/\/www.marinarredo.com\/index.php\/wp-json\/wp\/v2\/types\/page"}],"author":[{"embeddable":true,"href":"http:\/\/www.marinarredo.com\/index.php\/wp-json\/wp\/v2\/users\/1"}],"replies":[{"embeddable":true,"href":"http:\/\/www.marinarredo.com\/index.php\/wp-json\/wp\/v2\/comments?post=1695"}],"version-history":[{"count":1,"href":"http:\/\/www.marinarredo.com\/index.php\/wp-json\/wp\/v2\/pages\/1695\/revisions"}],"predecessor-version":[{"id":1696,"href":"http:\/\/www.marinarredo.com\/index.php\/wp-json\/wp\/v2\/pages\/1695\/revisions\/1696"}],"wp:attachment":[{"href":"http:\/\/www.marinarredo.com\/index.php\/wp-json\/wp\/v2\/media?parent=1695"}],"curies":[{"name":"wp","href":"https:\/\/api.w.org\/{rel}","templated":true}]}}